, 11
Let o(t) = 0*t**3 + t**3 + 12*t**2 - t**3 + 15*t - t**3 - 4. Suppose 2*f - 16 = 5*y, 0*f - 2*f - 5*y + 36 = 0. List the prime factors of o(f).
2, 11
Let o(s) = -2*s**2 - 9*s - 4. Let t be o(-3). Let f(u) = -u**3 + 8*u**2 - 5*u + 12. What are the prime factors of f(t)?
2, 31
Let c be 636/(-36) - (-1)/(-3). Let s be 8/(2 - (-33)/c). Suppose 0 = 3*d - 3*y - s, -2*d + 3*y - 2*y = -36. What are the prime factors of d?
2, 5
Suppose 0 = 4*l - 2*s - 130 - 80, 108 = 2*l - 2*s. Let p = 222 - l. List the prime factors of p.
3, 19
Let k = -1532 + 3537. List the prime factors of k.
5, 401
Let w(d) = -d**2 + 20*d + 18. List the prime factors of w(10).
2, 59
Let k = 732 - 414. What are the prime factors of k?
2, 3, 53
Let s = -2 - 0. What are the prime factors of s/6 + 1284/18?
71
Let g = -36 - -37. Let v(h) = 52*h**3 - 2*h**2 + 1. List the prime factors of v(g).
3, 17
Suppose -4*d = -5*s - 27 - 14, 0 = 2*s + 10. List the prime factors of 18*2/16*8*d.
2, 3
Let g(n) = -n**3 + n**2 + n - 4. Let u be g(0). Let z be (-235)/(-4) + 3/u. Let h = -31 + z. List the prime factors of h.
3
Let k = -146 - -229. List the prime factors of k.
83
Let m(u) = 1057*u**2 - 22*u + 22. What are the prime factors of m(1)?
7, 151
Suppose 2*m = -0*m. Suppose -g - 2*p + p - 46 = 0, -2*g + 5*p - 120 = m. What are the prime factors of (-1)/1 + 0 - g?
7
Let j = -100 - -598. What are the prime factors of j?
2, 3, 83
Let o = 142 - -4. Suppose o - 11 = 5*c. List the prime factors of c.
3
Let f = -803 + 1440. List the prime factors of f.
7, 13
Suppose 5*c + 5*k = 10, 2 = -2*c + k - 0. Suppose c*l + 20 = -2*l. List the prime factors of 58/7 - l/(-35).
2
Let f = 26 + -18. Suppose -6*i + f*i + 2 = 0. Let n = 43 + i. List the prime factors of n.
2, 3, 7
Let z(n) = -5*n**3 - 2*n**2 + 1. Let w be z(2). Let v = -33 - w. Suppose 4*l - 34 - v = 0. List the prime factors of l.
2, 3
Suppose 4*x = 2*a - 48 + 6, -4*a + 4*x = -88. Let j = -21 + a. What are the prime factors of (j/(-3))/(8/(-516))?
43
Let i(c) = -101*c + 10. List the prime factors of i(-7).
3, 239
Suppose -4*c + 3 + 9 = 0. Suppose 0*j - 4*j + 20 = -2*x, -5*j + 30 = -c*x. List the prime factors of (42/(-30))/(2/x).
7
Suppose -3370 + 610 = -10*j. What are the prime factors of j?
2, 3, 23
Let m(f) = f - 1. Let t be m(1). Let x = 10 - 7. Suppose t = v - 5 + x. List the prime factors of v.
2
Let h be 2/9 + (-52)/(-9). Let i(w) = 7*w**3 - w + 2. Let l be i(1). What are the prime factors of l/(-3*(-1)/h)?
2
Let k = 3 + -6. Let g(t) = 7*t**2 + 3*t + 1. Let h be g(k). Suppose -h = -5*b + f, 4*b + b + 2*f - 70 = 0. List the prime factors of b.
2, 3
Let y = 5 + -6. Let m be 3 + (25 - (y + -2)). Let t = m - 21. List the prime factors of t.
2, 5
Let j(g) = -4*g + 0*g - 102*g**3 - 6*g**2 + 103*g**3 - 1. List the prime factors of j(8).
5, 19
Suppose -48 = -t - 2*s + 9, -t + 55 = s. Let x = t + -20. Suppose 0 = j + o - x, o = -3*j + 2*o + 119. List the prime factors of j.
2, 19
Let f = 1841 + -1590. What are the prime factors of f?
251
Suppose -3*w + 3*f + 142 = -f, 0 = -w - 3*f + 56. Let u = w - 21. Suppose -549 + u = -8*j. What are the prime factors of j?
5, 13
Suppose -3*z + 3 - 24 = 0. Let v be (-26)/z + (-4)/(-14). Suppose -3*g + 262 = n + v*n, 3*n - g - 160 = 0. List the prime factors of n.
53
Suppose -10*q = -9*q - 665. What are the prime factors of q?
5, 7, 19
Let c(i) = 3*i**2. Let t be c(-2). Let z = 149 + t. List the prime factors of z.
7, 23
Suppose -3*o = -1210 - 542. What are the prime factors of o?
2, 73
Let g = 19 - 19. List the prime factors of g - (141/(-3) - 0).
47
Let l = -149 + 209. Let d = l - 47. List the prime factors of d.
13
Suppose -227 = 3*g - 593. Suppose -4*a + 130 = -g. List the prime factors of a.
3, 7
Let v = -14 - -20. Suppose -v*d - d = 0. Suppose -84 = -4*y + c + 117, d = -3*y - c + 149. What are the prime factors of y?
2, 5
Suppose 5*k + 58 = 5*a - 327, -5*k = 10. What are the prime factors of a?
3, 5
Suppose 32 = -4*j + 4*d, -4*j + 0*j - 36 = -5*d. What are the prime factors of (-1581)/(-12) + (-1)/j?
2, 3, 11
Let v(h) = -305*h**2 + h. Let j be v(-1). Let n = -203 - j. List the prime factors of n.
103
Let t(a) = a**2 + 7*a + 8. Let u be t(-6). Suppose -2 = -u*f - 0. List the prime factors of (-66)/(-9) + f/(-3).
7
Let n(y) = 8*y**3 + 2*y**2 - 1. Let p = 106 + -104. List the prime factors of n(p).
71
What are the prime factors of 12/60 - (-462)/15?
31
Suppose 3241 = 11*p - 4*p. Let i = p - 315. List the prime factors of i.
2, 37
Let f(x) = -2*x - 59. Let h(d) = d + 29. Let w(k) = 2*f(k) + 5*h(k). Let u(i) = i + 28. Let j(n) = -4*u(n) + 5*w(n). What are the prime factors of j(0)?
23
Suppose -20 = -4*j, 80*g = 85*g + 2*j - 3020. What are the prime factors of g?
2, 7, 43
Let d(q) = -q**2 - 11*q + 9. Let w = 3 - 12. What are the prime factors of d(w)?
3
Let z = 1411 - -21. What are the prime factors of z?
2, 179
Let d(q) = 4*q**2 - 18*q - 2. Let t be d(15). Suppose -15*u = -19*u + t. Suppose -5*i - 29 = -v - 3*i, 0 = -5*v - 2*i + u. What are the prime factors of v?
31
Suppose 1 + 2 = -u. Let o be 270*((-24)/20)/u. Suppose -b = b - o. List the prime factors of b.
2, 3
Suppose -3*u = 4*n + n - 90, -3*n + 84 = 3*u. Let r = u - 16. What are the prime factors of r?
3
Let f(y) = y**3 + 10*y**2 - 15*y + 17. List the prime factors of f(-10).
167
Let l be ((-3)/6)/(1/8). Let f be (l - -2) + 5/1. Suppose f*m - 2*u - 40 = 0, 0 = 4*m - 3*u - 43 - 9. What are the prime factors of m?
2
Suppose -5*n + 5*t = -4568 - 32, -3*t = -2*n + 1836. List the prime factors of n.
2, 3, 7, 11
Suppose -t + 259 = -162. What are the prime factors of t?
421
Let p be 4 + (-3)/1 - -16. Suppose q - 3*w = 3*q + 11, -5*q - p = -3*w. Let y = 13 + q. What are the prime factors of y?
3
Suppose -3*y - 44 = i - 457, -5*i = 2*y - 2104. Suppose t + i = 5*r - 2*r, 0 = -4*r + 4*t + 576. List the prime factors of r.
139
List the prime factors of 5/((-220)/(-16357)) - (-2)/8.
2, 3, 31
Suppose 3*m - 2*m = -1. Let x(u) = -55*u**3 - u**2 + u + 1. List the prime factors of x(m).
2, 3
Let k(o) = o**3 - 13*o**2 + o + 1. Let r be k(13). Suppose -2 = 2*x + r. What are the prime factors of 15 - 2*12/x?
2, 3
Let z(d) = d**3 + 3*d**2 + d. Let x be z(-2). Suppose -x*l = -l - 2. Suppose -l*b - 3*p = -b - 19, -2*b + 4*p = -8. List the prime factors of b.
2, 5
Let w(y) = -33*y**2 - 10*y + 35. Let f(q) = -11*q**2 - 3*q + 12. Let p(a) = 8*f(a) - 3*w(a). What are the prime factors of p(-4)?
11, 13
What are the prime factors of 40/16*(-468)/(-9)?
2, 5, 13
Let g = -9 + 11. Let k(t) = -11*t. Let i be k(g). Let h = i - -37. What are the prime factors of h?
3, 5
Suppose 2*j + o - 662 = 5698, 0 = 3*j + o - 9540. List the prime factors of j.
2, 3, 5, 53
Suppose -7*x + x + 18 = 0. Suppose 3*s + 0 = x. Let d = 12 + s. What are the prime factors of d?
13
Let y = 1350 + -746. List the prime factors of y.
2, 151
Let d = -167 - -237. What are the prime factors of d?
2, 5, 7
Let d(h) = h**3 + 16*h**2 - 18*h - 17. Let s be d(-17). Suppose 6*y - 342 = -s*y. List the prime factors of y.
3, 19
Let d(u) = u**2 + 27*u + 31. List the prime factors of d(-45).
29
Let q(t) = -t**3 - 5*t**2 + 7*t + 8. Let b be (0 + 0)/(3 + -5). Suppose b = -4*l - 10 - 14. List the prime factors of q(l).
2
Let u be (-1)/(-3) + 244/6. Let t = 72 - u. Suppose -2*b + 21 = -t. What are the prime factors of b?
2, 13
Suppose 5*t + 2*o - 21992 = 0, 12*o - 8*o - 4402 = -t. List the prime factors of t.
2, 3, 733
Let b(n) = 3*n**3 - 49*n**2 - 13*n - 36. Let j(z) = -z**3 + 16*z**2 + 4*z + 12. Let r(o) = 2*b(o) + 7*j(o). What are the prime factors of r(13)?
3, 23
Let w(p) = p**3 - 3*p**2 - 18*p - 5. Let n(j) = -j**3 + 2*j**2 + 17*j + 5. Let d(s) = 6*n(s) + 5*w(s). List the prime factors of d(-7).
3, 13
Suppose 4*a = 3*d + 10400, 4*d - 1426 = -a + 1174. What are the prime factors of a?
2, 5, 13
Let p = -502 + 769. List the prime factors of p.
3, 89
Let n(v) = v - 1. Suppose -3*i - f = 10, -2*i = -4*i - 5*f - 11. Let k be n(i). List the prime factors of k/(-14) + (-470)/(-70).
7
Let y(d) = d**2 + 8*d + 10. Let z be y(-4). Let q(b) = -19*b + 12. Let u be q(z). Let l = -62 + u. List the prime factors of l.
2
Let q(r) = -r**2 + 5*r + 274. Let a be q(0). Suppose -3*j = -2*c - a - 73, -1 = c. What are the prime factors of j?
5, 23
Suppose 